{"id":14,"date":"2015-12-22T14:35:46","date_gmt":"2015-12-22T14:35:46","guid":{"rendered":"http:\/\/konrad-consulting.net\/?page_id=14"},"modified":"2016-05-13T12:22:14","modified_gmt":"2016-05-13T12:22:14","slug":"about","status":"publish","type":"page","link":"http:\/\/konrad-consulting.net\/?page_id=14","title":{"rendered":"Handlungsfelder"},"content":{"rendered":"<div id=\"pl-14\"  class=\"panel-layout\" ><div id=\"pg-14-0\"  class=\"panel-grid panel-no-style\" ><div id=\"pgc-14-0-0\"  class=\"panel-grid-cell\" ><div id=\"panel-14-0-0-0\" class=\"so-panel widget widget_sow-image panel-first-child panel-last-child\" data-index=\"0\" ><div\n\t\t\t\n\t\t\tclass=\"so-widget-sow-image so-widget-sow-image-default-8b5b6f678277-14\"\n\t\t\t\n\t\t>\n\n<div class=\"sow-image-container\">\n\t\t<img loading=\"lazy\" decoding=\"async\" src=\"http:\/\/konrad-consulting.net\/wp-content\/uploads\/2016\/01\/Afrique-de-lOuest-10.jpg\" width=\"1000\" height=\"1000\" srcset=\"http:\/\/konrad-consulting.net\/wp-content\/uploads\/2016\/01\/Afrique-de-lOuest-10.jpg 1000w, http:\/\/konrad-consulting.net\/wp-content\/uploads\/2016\/01\/Afrique-de-lOuest-10-150x150.jpg 150w, http:\/\/konrad-consulting.net\/wp-content\/uploads\/2016\/01\/Afrique-de-lOuest-10-300x300.jpg 300w, http:\/\/konrad-consulting.net\/wp-content\/uploads\/2016\/01\/Afrique-de-lOuest-10-768x768.jpg 768w, http:\/\/konrad-consulting.net\/wp-content\/uploads\/2016\/01\/Afrique-de-lOuest-10-250x250.jpg 250w, http:\/\/konrad-consulting.net\/wp-content\/uploads\/2016\/01\/Afrique-de-lOuest-10-174x174.jpg 174w\" sizes=\"(max-width: 1000px) 100vw, 1000px\" title=\"SONY DSC\" alt=\"\" \t\tclass=\"so-widget-image\"\/>\n\t<\/div>\n\n<\/div><\/div><\/div><div id=\"pgc-14-0-1\"  class=\"panel-grid-cell\" ><div id=\"panel-14-0-1-0\" class=\"so-panel widget widget_sow-image panel-first-child panel-last-child\" data-index=\"1\" ><div\n\t\t\t\n\t\t\tclass=\"so-widget-sow-image so-widget-sow-image-default-8b5b6f678277-14\"\n\t\t\t\n\t\t>\n\n<div class=\"sow-image-container\">\n\t\t<img loading=\"lazy\" decoding=\"async\" src=\"http:\/\/konrad-consulting.net\/wp-content\/uploads\/2015\/12\/Afrique-de-lOuest-46.jpg\" width=\"1000\" height=\"1000\" srcset=\"http:\/\/konrad-consulting.net\/wp-content\/uploads\/2015\/12\/Afrique-de-lOuest-46.jpg 1000w, http:\/\/konrad-consulting.net\/wp-content\/uploads\/2015\/12\/Afrique-de-lOuest-46-150x150.jpg 150w, http:\/\/konrad-consulting.net\/wp-content\/uploads\/2015\/12\/Afrique-de-lOuest-46-300x300.jpg 300w, http:\/\/konrad-consulting.net\/wp-content\/uploads\/2015\/12\/Afrique-de-lOuest-46-768x768.jpg 768w, http:\/\/konrad-consulting.net\/wp-content\/uploads\/2015\/12\/Afrique-de-lOuest-46-250x250.jpg 250w, http:\/\/konrad-consulting.net\/wp-content\/uploads\/2015\/12\/Afrique-de-lOuest-46-174x174.jpg 174w\" sizes=\"(max-width: 1000px) 100vw, 1000px\" title=\"SONY DSC\" alt=\"\" \t\tclass=\"so-widget-image\"\/>\n\t<\/div>\n\n<\/div><\/div><\/div><div id=\"pgc-14-0-2\"  class=\"panel-grid-cell\" ><div id=\"panel-14-0-2-0\" class=\"so-panel widget widget_sow-image panel-first-child panel-last-child\" data-index=\"2\" ><div\n\t\t\t\n\t\t\tclass=\"so-widget-sow-image so-widget-sow-image-default-8b5b6f678277-14\"\n\t\t\t\n\t\t>\n\n<div class=\"sow-image-container\">\n\t\t<img loading=\"lazy\" decoding=\"async\" src=\"http:\/\/konrad-consulting.net\/wp-content\/uploads\/2016\/01\/Afrique-de-lOuest-169.jpg\" width=\"1000\" height=\"1000\" srcset=\"http:\/\/konrad-consulting.net\/wp-content\/uploads\/2016\/01\/Afrique-de-lOuest-169.jpg 1000w, http:\/\/konrad-consulting.net\/wp-content\/uploads\/2016\/01\/Afrique-de-lOuest-169-150x150.jpg 150w, http:\/\/konrad-consulting.net\/wp-content\/uploads\/2016\/01\/Afrique-de-lOuest-169-300x300.jpg 300w, http:\/\/konrad-consulting.net\/wp-content\/uploads\/2016\/01\/Afrique-de-lOuest-169-768x768.jpg 768w, http:\/\/konrad-consulting.net\/wp-content\/uploads\/2016\/01\/Afrique-de-lOuest-169-250x250.jpg 250w, http:\/\/konrad-consulting.net\/wp-content\/uploads\/2016\/01\/Afrique-de-lOuest-169-174x174.jpg 174w\" sizes=\"(max-width: 1000px) 100vw, 1000px\" title=\"Afrique de l&#8217;Ouest 169\" alt=\"\" \t\tclass=\"so-widget-image\"\/>\n\t<\/div>\n\n<\/div><\/div><\/div><\/div><div id=\"pg-14-1\"  class=\"panel-grid panel-no-style\" ><div id=\"pgc-14-1-0\"  class=\"panel-grid-cell\" ><div id=\"panel-14-1-0-0\" class=\"so-panel widget widget_sow-editor panel-first-child panel-last-child\" data-index=\"3\" ><div class=\"panel-widget-style panel-widget-style-for-14-1-0-0\" ><div\n\t\t\t\n\t\t\tclass=\"so-widget-sow-editor so-widget-sow-editor-base\"\n\t\t\t\n\t\t>\n<div class=\"siteorigin-widget-tinymce textwidget\">\n\t<hr \/>\n<h4 style=\"text-align: left;\"><span style=\"color: #99cc00;\">Wir verlieren nat\u00fcrliches Kapital in atemberaubender Geschwindigkeit...<br \/><\/span><\/h4>\n<p style=\"text-align: left;\">... und leben dabei auf Kosten zuk\u00fcnftiger Generationen. Und auch im Hier und Jetzt ist der Zugang zu nat\u00fcrlichen Ressourcen nicht gleichm\u00e4\u00dfig verteilt - ein relativ kleiner Teil der Weltbev\u00f6lkerung nutzt \u00fcberproportional viel davon. Dabei k\u00f6nnen Biodiversit\u00e4t und \u00f6kosystemare Dienstleistungen nicht entkoppelt von sozialen und politischen Fragen betrachtet werden. Die Erreichung entwicklungspolitischer Ziele wie die Reduzierung von Hunger und Armut sind direkt vom Schutz dieser Ressourcen abh\u00e4ngig, weltweit.<\/p>\n<\/div>\n<\/div><\/div><\/div><\/div><div id=\"pgc-14-1-1\"  class=\"panel-grid-cell\" ><div id=\"panel-14-1-1-0\" class=\"so-panel widget widget_sow-editor panel-first-child panel-last-child\" data-index=\"4\" ><div class=\"panel-widget-style panel-widget-style-for-14-1-1-0\" ><div\n\t\t\t\n\t\t\tclass=\"so-widget-sow-editor so-widget-sow-editor-base\"\n\t\t\t\n\t\t>\n<div class=\"siteorigin-widget-tinymce textwidget\">\n\t<hr \/>\n<h4><span style=\"color: #99cc00;\">Dies ist das Handlungsfeld von Konrad Applied Science Consulting.<\/span><\/h4>\n<p style=\"text-align: left;\">Konrad Applied Science Consulting ist ein international t\u00e4tiger Dienstleister in den Sektoren Naturschutz und sozio-\u00f6kologischer Nachhaltigkeit. Im Vordergrund steht die Beratungsleistung von staatlichen und nicht-staatlichen Institutionen der Entwicklungszusammenarbeit sowie von Wirtschaftsunternehmen f\u00fcr die Bereiche <strong>Naturschutz<\/strong>, <strong>nachhaltige Ressourcen-Nutzung<\/strong>, <strong>l\u00e4ndliche Entwicklung<\/strong>, sowie der<strong> Governance von nat\u00fcrlichen Systemen<\/strong>.<\/p>\n<p style=\"text-align: left;\">Das Angebot zielt auf die effektivere Umsetzung von Projekten, gest\u00fctzt durch wissenschaftlich fundierte Datenerhebung und -analyse, sowohl im Verlauf der strategischen Planung als auch der anschlie\u00dfenden Implementierung (adaptives Management). <strong>Konrad Applied Science Consulting <\/strong>unterst\u00fctzt zielgerichtet die Qualit\u00e4tssicherung seiner Kunden und garantiert eine verbesserte Projektsteuerung.<\/p>\n<\/div>\n<\/div><\/div><\/div><\/div><div id=\"pgc-14-1-2\"  class=\"panel-grid-cell\" ><div id=\"panel-14-1-2-0\" class=\"so-panel widget widget_sow-editor panel-first-child panel-last-child\" data-index=\"5\" ><div class=\"panel-widget-style panel-widget-style-for-14-1-2-0\" ><div\n\t\t\t\n\t\t\tclass=\"so-widget-sow-editor so-widget-sow-editor-base\"\n\t\t\t\n\t\t>\n<div class=\"siteorigin-widget-tinymce textwidget\">\n\t<h3>\u00a0<\/h3>\n<h4><span style=\"color: #99cc00;\">Kernkompetenzen:<\/span><\/h4>\n<ul>\n<li><em><span style=\"color: #000000;\">\u00f6kologische und sozio-\u00f6kologische Fragestellungen<\/span><\/em><\/li>\n<li><em><span style=\"color: #000000;\">institutionelle Analyse<\/span><\/em><\/li>\n<li><em><span style=\"color: #000000;\">Konzeption und Implementierung von Monitoring-Systemen<\/span><\/em><\/li>\n<li><em><span style=\"color: #000000;\">Evaluierung der Zielerreichung von Output bis Impact<\/span><\/em><\/li>\n<li><em><span style=\"color: #000000;\">Auswertung und mediale\/ kommunikative Aufbereitung der Ergebnisse<\/span><\/em><\/li>\n<li><em><span style=\"color: #000000;\">Kooperationsmanagement<\/span><\/em><\/li>\n<li><em><span style=\"color: #000000;\">Geographischer Schwerpunkt: Sub-Sahara Afrika<\/span><\/em><\/li>\n<\/ul>\n<h6 style=\"text-align: justify;\"><span style=\"color: #99cc00;\"><strong> <br \/><\/strong><\/span><\/h6>\n<\/div>\n<\/div><\/div><\/div><\/div><\/div><div id=\"pg-14-2\"  class=\"panel-grid panel-no-style\" ><div id=\"pgc-14-2-0\"  class=\"panel-grid-cell\" ><div id=\"panel-14-2-0-0\" class=\"so-panel widget widget_sow-editor panel-first-child panel-last-child\" data-index=\"6\" ><div class=\"panel-widget-style panel-widget-style-for-14-2-0-0\" ><div\n\t\t\t\n\t\t\tclass=\"so-widget-sow-editor so-widget-sow-editor-base\"\n\t\t\t\n\t\t>\n<div class=\"siteorigin-widget-tinymce textwidget\">\n\t<div class=\"animated fadeInLeft duration2 eds-on-scroll\"><\/p>\n<h1><a href=\"http:\/\/konrad-consulting.net\/?page_id=364\"><span style=\"color: #808080;\"><strong><span style=\"color: #99cc00;\">\u00bb<\/span><\/strong>\u00a0Serviceleistungen<\/span><\/a><\/h1>\n<p><\/div>\n<p>\u00a0<\/p>\n<\/div>\n<\/div><\/div><\/div><\/div><\/div><\/div>","protected":false},"excerpt":{"rendered":"<p>Wir verlieren nat\u00fcrliches Kapital in atemberaubender Geschwindigkeit&#8230;&#8230; und leben dabei auf Kosten zuk\u00fcnftiger Generationen. Und auch im Hier und Jetzt ist der Zugang zu nat\u00fcrlichen Ressourcen nicht gleichm\u00e4\u00dfig verteilt &#8211; ein relativ kleiner Teil der Weltbev\u00f6lkerung nutzt \u00fcberproportional viel davon. Dabei k\u00f6nnen Biodiversit\u00e4t und \u00f6kosystemare Dienstleistungen nicht entkoppelt von sozialen und politischen Fragen betrachtet werden.<a href=\"http:\/\/konrad-consulting.net\/?page_id=14\">[&#8230;]<\/a><\/p>\n","protected":false},"author":1,"featured_media":13,"parent":0,"menu_order":1,"comment_status":"closed","ping_status":"closed","template":"template-fullwidth.php","meta":{"jetpack_post_was_ever_published":false,"footnotes":""},"jetpack_sharing_enabled":true,"jetpack_shortlink":"https:\/\/wp.me\/P7bTOm-e","_links":{"self":[{"href":"http:\/\/konrad-consulting.net\/index.php?rest_route=\/wp\/v2\/pages\/14"}],"collection":[{"href":"http:\/\/konrad-consulting.net\/index.php?rest_route=\/wp\/v2\/pages"}],"about":[{"href":"http:\/\/konrad-consulting.net\/index.php?rest_route=\/wp\/v2\/types\/page"}],"author":[{"embeddable":true,"href":"http:\/\/konrad-consulting.net\/index.php?rest_route=\/wp\/v2\/users\/1"}],"replies":[{"embeddable":true,"href":"http:\/\/konrad-consulting.net\/index.php?rest_route=%2Fwp%2Fv2%2Fcomments&post=14"}],"version-history":[{"count":94,"href":"http:\/\/konrad-consulting.net\/index.php?rest_route=\/wp\/v2\/pages\/14\/revisions"}],"predecessor-version":[{"id":785,"href":"http:\/\/konrad-consulting.net\/index.php?rest_route=\/wp\/v2\/pages\/14\/revisions\/785"}],"wp:featuredmedia":[{"embeddable":true,"href":"http:\/\/konrad-consulting.net\/index.php?rest_route=\/wp\/v2\/media\/13"}],"wp:attachment":[{"href":"http:\/\/konrad-consulting.net\/index.php?rest_route=%2Fwp%2Fv2%2Fmedia&parent=14"}],"curies":[{"name":"wp","href":"https:\/\/api.w.org\/{rel}","templated":true}]}}

<div id="pl-14"  class="panel-layout" ><div id="pg-14-0"  class="panel-grid panel-no-style" ><div id="pgc-14-0-0"  class="panel-grid-cell" ><div id="panel-14-0-0-0" class="so-panel widget widget_sow-image panel-first-child panel-last-child" data-index="0" ><div
			
			class="so-widget-sow-image so-widget-sow-image-default-8b5b6f678277-14"
			
		>

<div class="sow-image-container">
		<img loading="lazy" decoding="async" src="http://konrad-consulting.net/wp-content/uploads/2016/01/Afrique-de-lOuest-10.jpg" width="1000" height="1000" srcset="http://konrad-consulting.net/wp-content/uploads/2016/01/Afrique-de-lOuest-10.jpg 1000w, http://konrad-consulting.net/wp-content/uploads/2016/01/Afrique-de-lOuest-10-150x150.jpg 150w, http://konrad-consulting.net/wp-content/uploads/2016/01/Afrique-de-lOuest-10-300x300.jpg 300w, http://konrad-consulting.net/wp-content/uploads/2016/01/Afrique-de-lOuest-10-768x768.jpg 768w, http://konrad-consulting.net/wp-content/uploads/2016/01/Afrique-de-lOuest-10-250x250.jpg 250w, http://konrad-consulting.net/wp-content/uploads/2016/01/Afrique-de-lOuest-10-174x174.jpg 174w" sizes="(max-width: 1000px) 100vw, 1000px" title="SONY DSC" alt="" 		class="so-widget-image"/>
	</div>

</div></div></div><div id="pgc-14-0-1"  class="panel-grid-cell" ><div id="panel-14-0-1-0" class="so-panel widget widget_sow-image panel-first-child panel-last-child" data-index="1" ><div
			
			class="so-widget-sow-image so-widget-sow-image-default-8b5b6f678277-14"
			
		>

<div class="sow-image-container">
		<img loading="lazy" decoding="async" src="http://konrad-consulting.net/wp-content/uploads/2015/12/Afrique-de-lOuest-46.jpg" width="1000" height="1000" srcset="http://konrad-consulting.net/wp-content/uploads/2015/12/Afrique-de-lOuest-46.jpg 1000w, http://konrad-consulting.net/wp-content/uploads/2015/12/Afrique-de-lOuest-46-150x150.jpg 150w, http://konrad-consulting.net/wp-content/uploads/2015/12/Afrique-de-lOuest-46-300x300.jpg 300w, http://konrad-consulting.net/wp-content/uploads/2015/12/Afrique-de-lOuest-46-768x768.jpg 768w, http://konrad-consulting.net/wp-content/uploads/2015/12/Afrique-de-lOuest-46-250x250.jpg 250w, http://konrad-consulting.net/wp-content/uploads/2015/12/Afrique-de-lOuest-46-174x174.jpg 174w" sizes="(max-width: 1000px) 100vw, 1000px" title="SONY DSC" alt="" 		class="so-widget-image"/>
	</div>

</div></div></div><div id="pgc-14-0-2"  class="panel-grid-cell" ><div id="panel-14-0-2-0" class="so-panel widget widget_sow-image panel-first-child panel-last-child" data-index="2" ><div
			
			class="so-widget-sow-image so-widget-sow-image-default-8b5b6f678277-14"
			
		>

<div class="sow-image-container">
		<img loading="lazy" decoding="async" src="http://konrad-consulting.net/wp-content/uploads/2016/01/Afrique-de-lOuest-169.jpg" width="1000" height="1000" srcset="http://konrad-consulting.net/wp-content/uploads/2016/01/Afrique-de-lOuest-169.jpg 1000w, http://konrad-consulting.net/wp-content/uploads/2016/01/Afrique-de-lOuest-169-150x150.jpg 150w, http://konrad-consulting.net/wp-content/uploads/2016/01/Afrique-de-lOuest-169-300x300.jpg 300w, http://konrad-consulting.net/wp-content/uploads/2016/01/Afrique-de-lOuest-169-768x768.jpg 768w, http://konrad-consulting.net/wp-content/uploads/2016/01/Afrique-de-lOuest-169-250x250.jpg 250w, http://konrad-consulting.net/wp-content/uploads/2016/01/Afrique-de-lOuest-169-174x174.jpg 174w" sizes="(max-width: 1000px) 100vw, 1000px" title="Afrique de l&#8217;Ouest 169" alt="" 		class="so-widget-image"/>
	</div>

</div></div></div></div><div id="pg-14-1"  class="panel-grid panel-no-style" ><div id="pgc-14-1-0"  class="panel-grid-cell" ><div id="panel-14-1-0-0" class="so-panel widget widget_sow-editor panel-first-child panel-last-child" data-index="3" ><div class="panel-widget-style panel-widget-style-for-14-1-0-0" ><div
			
			class="so-widget-sow-editor so-widget-sow-editor-base"
			
		>
<div class="siteorigin-widget-tinymce textwidget">
	<hr />
<h4 style="text-align: left;"><span style="color: #99cc00;">Wir verlieren natürliches Kapital in atemberaubender Geschwindigkeit...<br /></span></h4>
<p style="text-align: left;">... und leben dabei auf Kosten zukünftiger Generationen. Und auch im Hier und Jetzt ist der Zugang zu natürlichen Ressourcen nicht gleichmäßig verteilt - ein relativ kleiner Teil der Weltbevölkerung nutzt überproportional viel davon. Dabei können Biodiversität und ökosystemare Dienstleistungen nicht entkoppelt von sozialen und politischen Fragen betrachtet werden. Die Erreichung entwicklungspolitischer Ziele wie die Reduzierung von Hunger und Armut sind direkt vom Schutz dieser Ressourcen abhängig, weltweit.</p>
</div>
</div></div></div></div><div id="pgc-14-1-1"  class="panel-grid-cell" ><div id="panel-14-1-1-0" class="so-panel widget widget_sow-editor panel-first-child panel-last-child" data-index="4" ><div class="panel-widget-style panel-widget-style-for-14-1-1-0" ><div
			
			class="so-widget-sow-editor so-widget-sow-editor-base"
			
		>
<div class="siteorigin-widget-tinymce textwidget">
	<hr />
<h4><span style="color: #99cc00;">Dies ist das Handlungsfeld von Konrad Applied Science Consulting.</span></h4>
<p style="text-align: left;">Konrad Applied Science Consulting ist ein international tätiger Dienstleister in den Sektoren Naturschutz und sozio-ökologischer Nachhaltigkeit. Im Vordergrund steht die Beratungsleistung von staatlichen und nicht-staatlichen Institutionen der Entwicklungszusammenarbeit sowie von Wirtschaftsunternehmen für die Bereiche <strong>Naturschutz</strong>, <strong>nachhaltige Ressourcen-Nutzung</strong>, <strong>ländliche Entwicklung</strong>, sowie der<strong> Governance von natürlichen Systemen</strong>.</p>
<p style="text-align: left;">Das Angebot zielt auf die effektivere Umsetzung von Projekten, gestützt durch wissenschaftlich fundierte Datenerhebung und -analyse, sowohl im Verlauf der strategischen Planung als auch der anschließenden Implementierung (adaptives Management). <strong>Konrad Applied Science Consulting </strong>unterstützt zielgerichtet die Qualitätssicherung seiner Kunden und garantiert eine verbesserte Projektsteuerung.</p>
</div>
</div></div></div></div><div id="pgc-14-1-2"  class="panel-grid-cell" ><div id="panel-14-1-2-0" class="so-panel widget widget_sow-editor panel-first-child panel-last-child" data-index="5" ><div class="panel-widget-style panel-widget-style-for-14-1-2-0" ><div
			
			class="so-widget-sow-editor so-widget-sow-editor-base"
			
		>
<div class="siteorigin-widget-tinymce textwidget">
	<h3> </h3>
<h4><span style="color: #99cc00;">Kernkompetenzen:</span></h4>
<ul>
<li><em><span style="color: #000000;">ökologische und sozio-ökologische Fragestellungen</span></em></li>
<li><em><span style="color: #000000;">institutionelle Analyse</span></em></li>
<li><em><span style="color: #000000;">Konzeption und Implementierung von Monitoring-Systemen</span></em></li>
<li><em><span style="color: #000000;">Evaluierung der Zielerreichung von Output bis Impact</span></em></li>
<li><em><span style="color: #000000;">Auswertung und mediale/ kommunikative Aufbereitung der Ergebnisse</span></em></li>
<li><em><span style="color: #000000;">Kooperationsmanagement</span></em></li>
<li><em><span style="color: #000000;">Geographischer Schwerpunkt: Sub-Sahara Afrika</span></em></li>
</ul>
<h6 style="text-align: justify;"><span style="color: #99cc00;"><strong> <br /></strong></span></h6>
</div>
</div></div></div></div></div><div id="pg-14-2"  class="panel-grid panel-no-style" ><div id="pgc-14-2-0"  class="panel-grid-cell" ><div id="panel-14-2-0-0" class="so-panel widget widget_sow-editor panel-first-child panel-last-child" data-index="6" ><div class="panel-widget-style panel-widget-style-for-14-2-0-0" ><div
			
			class="so-widget-sow-editor so-widget-sow-editor-base"
			
		>
<div class="siteorigin-widget-tinymce textwidget">
	<div class="animated fadeInLeft duration2 eds-on-scroll"></p>
<h1><a href="http://konrad-consulting.net/?page_id=364"><span style="color: #808080;"><strong><span style="color: #99cc00;">»</span></strong> Serviceleistungen</span></a></h1>
<p></div>
<p> </p>
</div>
</div></div></div></div></div></div>

<p>Wir verlieren natürliches Kapital in atemberaubender Geschwindigkeit&#8230;&#8230; und leben dabei auf Kosten zukünftiger Generationen. Und auch im Hier und Jetzt ist der Zugang zu natürlichen Ressourcen nicht gleichmäßig verteilt &#8211; ein relativ kleiner Teil der Weltbevölkerung nutzt überproportional viel davon. Dabei können Biodiversität und ökosystemare Dienstleistungen nicht entkoppelt von sozialen und politischen Fragen betrachtet werden.<a href="http://konrad-consulting.net/?page_id=14">[&#8230;]</a></p>
