{"id":282,"date":"2016-01-17T19:55:30","date_gmt":"2016-01-17T19:55:30","guid":{"rendered":"http:\/\/konrad-consulting.net\/?page_id=282"},"modified":"2016-01-30T11:25:46","modified_gmt":"2016-01-30T11:25:46","slug":"planung","status":"publish","type":"page","link":"http:\/\/konrad-consulting.net\/?page_id=282","title":{"rendered":"Planung"},"content":{"rendered":"<div id=\"pl-282\"  class=\"panel-layout\" ><div id=\"pg-282-0\"  class=\"panel-grid panel-no-style\" ><div id=\"pgc-282-0-0\"  class=\"panel-grid-cell\" ><div id=\"panel-282-0-0-0\" class=\"so-panel widget widget_sow-image panel-first-child panel-last-child\" data-index=\"0\" ><div\n\t\t\t\n\t\t\tclass=\"so-widget-sow-image so-widget-sow-image-default-8b5b6f678277-282\"\n\t\t\t\n\t\t>\n\n<div class=\"sow-image-container\">\n\t\t<img loading=\"lazy\" decoding=\"async\" src=\"http:\/\/konrad-consulting.net\/wp-content\/uploads\/2015\/12\/Strategische-Planung_10zu2-1.png\" width=\"3000\" height=\"600\" srcset=\"http:\/\/konrad-consulting.net\/wp-content\/uploads\/2015\/12\/Strategische-Planung_10zu2-1.png 3000w, http:\/\/konrad-consulting.net\/wp-content\/uploads\/2015\/12\/Strategische-Planung_10zu2-1-300x60.png 300w, http:\/\/konrad-consulting.net\/wp-content\/uploads\/2015\/12\/Strategische-Planung_10zu2-1-768x154.png 768w, http:\/\/konrad-consulting.net\/wp-content\/uploads\/2015\/12\/Strategische-Planung_10zu2-1-1024x205.png 1024w\" sizes=\"(max-width: 3000px) 100vw, 3000px\" title=\"Strategische-Planung_10zu2\" alt=\"\" \t\tclass=\"so-widget-image\"\/>\n\t<\/div>\n\n<\/div><\/div><\/div><\/div><div id=\"pg-282-1\"  class=\"panel-grid panel-has-style\" ><div class=\"siteorigin-panels-stretch panel-row-style panel-row-style-for-282-1\" data-stretch-type=\"full\" ><div id=\"pgc-282-1-0\"  class=\"panel-grid-cell\" ><div id=\"panel-282-1-0-0\" class=\"so-panel widget widget_sow-editor panel-first-child panel-last-child\" data-index=\"1\" ><div\n\t\t\t\n\t\t\tclass=\"so-widget-sow-editor so-widget-sow-editor-base\"\n\t\t\t\n\t\t>\n<div class=\"siteorigin-widget-tinymce textwidget\">\n\t<hr \/>\n<div class=\"animated fadeInLeft delay1 duration2\"><\/p>\n<h2><span style=\"color: #808080;\"><span style=\"color: #999999;\">Welchen Risiken sind Ihre Investitionen ausgesetzt?<\/span> <span style=\"color: #ff8080;\">Wir recherchieren!<\/span><\/span><\/h2>\n<p><\/div>\n<hr \/>\n<\/div>\n<\/div><\/div><\/div><\/div><\/div><div id=\"pg-282-2\"  class=\"panel-grid panel-no-style\" ><div id=\"pgc-282-2-0\"  class=\"panel-grid-cell\" ><div id=\"panel-282-2-0-0\" class=\"so-panel widget widget_sow-editor panel-first-child panel-last-child\" data-index=\"2\" ><div\n\t\t\t\n\t\t\tclass=\"so-widget-sow-editor so-widget-sow-editor-base\"\n\t\t\t\n\t\t>\n<div class=\"siteorigin-widget-tinymce textwidget\">\n\t<p style=\"text-align: left;\">Die Umsetzung entwicklungspolitischer Vorhaben oder naturschutfachlicher Ma\u00dfnahmen sind in einer globalisierten Welt komplexe Prozesse. In der Regel beinhalten sie tiefgreifende gesellschaftliche Ver\u00e4nderungen und nicht selten die Transformation des zu Grunde liegenden organisatorischen und institutionellen Systems. F\u00fcr eine effektive Steuerung bedarf es daher einer sorgf\u00e4ltigen, langfristig ausgelegten und adaptiven strategischen Planung.<\/p>\n<p style=\"text-align: left;\">Konrad Applied Science Consulting unterst\u00fctzt Sie bei den unterschiedlichen Prozessen der Projektplanung und \u2013durchf\u00fchrung. Dies umfasst u.a. die Kontext- und Politikfeldanalyse im Interventionsraum von der lokalen bis zur nationalen und regionalen Ebene. Hierzu z\u00e4hlen auch die Identifizierung von wichtigen Stakeholdern im In- und Ausland sowie umfassende Kapazit\u00e4ts- und Risikoanalysen.<\/p>\n<p style=\"text-align: left;\">Bereits an der Planung eines Programms oder eines Projektes sind viele unterschiedliche Akteure beteiligt. In der Theorie\u00a0er\u00f6ffnet eine gut angelegte Kooperation allen Partnern einen Mehrwert und erm\u00f6glicht z.B. die Erschlie\u00dfung neuer Finanzierungsquellen. In der Praxis st\u00f6\u00dft die Zusammenarbeit jedoch h\u00e4ufig an Grenzen: Zielvorstellungen, Herangehensweisen und angestrebte Zeithorizonte differieren stark zwischen den Akteuren, z.B. zwischen Wissenschaftsinstitutionen und implementierenden Organisationen.<\/p>\n<p style=\"text-align: left;\">Der Umgang mit solch komplexen Kooperationssystemen ist h\u00e4ufig entscheidend f\u00fcr das Gelingen eines Vorhabens. Konrad Applied Science Consulting arbeitet f\u00fcr Sie an der Selektion passender Partner, Themen und Finanzierungsquellen. Von der gemeinsamen Zieldefinition, \u00fcber die Strukturierung verzahnter Prozesse, bis zur koordinierten Antragstellung agieren wir dabei als Mittler zwischen den Interessen und Herangehensweisen der unterschiedlichen Akteure.<\/p>\n<\/div>\n<\/div><\/div><\/div><div id=\"pgc-282-2-1\"  class=\"panel-grid-cell\" ><div id=\"panel-282-2-1-0\" class=\"so-panel widget widget_sow-editor panel-first-child\" data-index=\"3\" ><div class=\"panel-widget-style panel-widget-style-for-282-2-1-0\" ><div\n\t\t\t\n\t\t\tclass=\"so-widget-sow-editor so-widget-sow-editor-base\"\n\t\t\t\n\t\t>\n<div class=\"siteorigin-widget-tinymce textwidget\">\n\t<h2><span style=\"color: #e67e7e;\"><strong>Antragstellung<\/strong><\/span><\/h2>\n<ul>\n<li>\n<h6><em>Wissenschaftliche Hintergrundanalysen<\/em><\/h6>\n<\/li>\n<li>\n<h6><em>Identifikation und Vernetzung geeigneter Partner<\/em><\/h6>\n<\/li>\n<li>\n<h6><em>Aufsetzen und Koordination gemeinsamer Prozesse und Kommunikationsforen<\/em><\/h6>\n<\/li>\n<li>\n<h6><em>Unterst\u00fctzung bei der formatgerechten Ausarbeitung von Antr\u00e4gen<\/em><\/h6>\n<\/li>\n<\/ul>\n<\/div>\n<\/div><\/div><\/div><div id=\"panel-282-2-1-1\" class=\"so-panel widget widget_sow-editor panel-last-child\" data-index=\"4\" ><div class=\"panel-widget-style panel-widget-style-for-282-2-1-1\" ><div\n\t\t\t\n\t\t\tclass=\"so-widget-sow-editor so-widget-sow-editor-base\"\n\t\t\t\n\t\t>\n<div class=\"siteorigin-widget-tinymce textwidget\">\n\t<h2><span style=\"color: #e66363;\"><strong>Projektdesign und Prozessmanagement: <\/strong><\/span><\/h2>\n<ul>\n<li>\n<h6><em>Politische, sozio-\u00f6konomische, sozio-\u00f6kologische und institutionell-organisatorische Kontextanalysen auf Makro-, Meso- und Mikroebene, (u.a. durch den IAD-Framework (Institutional Analysis and Development)<\/em><\/h6>\n<\/li>\n<li>\n<h6><em>Stakeholder Analysen<\/em><\/h6>\n<\/li>\n<li>\n<h6><em>Risikoanalysen<\/em><\/h6>\n<\/li>\n<li>\n<h6><em>Kapazit\u00e4tsanalysen<\/em><\/h6>\n<\/li>\n<li>\n<h6><em>Entwicklung konzeptioneller Implementierungsmodelle<\/em><\/h6>\n<\/li>\n<li>\n<h6><em>Erstellung\/ Review von Log-Frame-Modellen<\/em><\/h6>\n<\/li>\n<li>\n<h6><em>Ausarbeitung von Aktionspl\u00e4nen<\/em><\/h6>\n<\/li>\n<li>\n<h6><em>Konzeption von Monitoring-Programmen<\/em><\/h6>\n<\/li>\n<li>\n<h6><em>Kooperationsmanagement<\/em><\/h6>\n<\/li>\n<\/ul>\n<\/div>\n<\/div><\/div><\/div><\/div><\/div><div id=\"pg-282-3\"  class=\"panel-grid panel-no-style\" ><div id=\"pgc-282-3-0\"  class=\"panel-grid-cell\" ><div id=\"panel-282-3-0-0\" class=\"so-panel widget widget_sow-editor panel-first-child panel-last-child\" data-index=\"5\" ><div\n\t\t\t\n\t\t\tclass=\"so-widget-sow-editor so-widget-sow-editor-base\"\n\t\t\t\n\t\t>\n<div class=\"siteorigin-widget-tinymce textwidget\">\n\t<div class=\"animated fadeInLeft duration2 eds-on-scroll\"><\/p>\n<h1><a href=\"http:\/\/konrad-consulting.net\/?page_id=302\"><strong><span style=\"color: #3fcc85;\">\u00bb<\/span> <\/strong><span style=\"color: #999999;\">Monitoring &amp; Evaluierung<\/span> <\/a><\/h1>\n<p><\/div>\n<\/div>\n<\/div><\/div><\/div><\/div><\/div>","protected":false},"excerpt":{"rendered":"<p>Welchen Risiken sind Ihre Investitionen ausgesetzt? Wir recherchieren! Die Umsetzung entwicklungspolitischer Vorhaben oder naturschutfachlicher Ma\u00dfnahmen sind in einer globalisierten Welt komplexe Prozesse. In der Regel beinhalten sie tiefgreifende gesellschaftliche Ver\u00e4nderungen und nicht selten die Transformation des zu Grunde liegenden organisatorischen und institutionellen Systems. F\u00fcr eine effektive Steuerung bedarf es daher einer sorgf\u00e4ltigen, langfristig ausgelegten und<a href=\"http:\/\/konrad-consulting.net\/?page_id=282\">[&#8230;]<\/a><\/p>\n","protected":false},"author":1,"featured_media":0,"parent":364,"menu_order":0,"comment_status":"closed","ping_status":"closed","template":"template-fullwidth.php","meta":{"jetpack_post_was_ever_published":false,"footnotes":""},"jetpack_sharing_enabled":true,"jetpack_shortlink":"https:\/\/wp.me\/P7bTOm-4y","_links":{"self":[{"href":"http:\/\/konrad-consulting.net\/index.php?rest_route=\/wp\/v2\/pages\/282"}],"collection":[{"href":"http:\/\/konrad-consulting.net\/index.php?rest_route=\/wp\/v2\/pages"}],"about":[{"href":"http:\/\/konrad-consulting.net\/index.php?rest_route=\/wp\/v2\/types\/page"}],"author":[{"embeddable":true,"href":"http:\/\/konrad-consulting.net\/index.php?rest_route=\/wp\/v2\/users\/1"}],"replies":[{"embeddable":true,"href":"http:\/\/konrad-consulting.net\/index.php?rest_route=%2Fwp%2Fv2%2Fcomments&post=282"}],"version-history":[{"count":39,"href":"http:\/\/konrad-consulting.net\/index.php?rest_route=\/wp\/v2\/pages\/282\/revisions"}],"predecessor-version":[{"id":626,"href":"http:\/\/konrad-consulting.net\/index.php?rest_route=\/wp\/v2\/pages\/282\/revisions\/626"}],"up":[{"embeddable":true,"href":"http:\/\/konrad-consulting.net\/index.php?rest_route=\/wp\/v2\/pages\/364"}],"wp:attachment":[{"href":"http:\/\/konrad-consulting.net\/index.php?rest_route=%2Fwp%2Fv2%2Fmedia&parent=282"}],"curies":[{"name":"wp","href":"https:\/\/api.w.org\/{rel}","templated":true}]}}